4187 a composite number?
True
Is 5670631 a composite number?
True
Is 18559237 prime?
False
Is 72460669 prime?
True
Is 6363971 a prime number?
False
Is 41264005 a prime number?
False
Is 4393703 prime?
False
Is 8942581 composite?
True
Is 97105 a composite number?
True
Is 62084681 a composite number?
False
Is 1022315491 composite?
False
Is 211250749 composite?
False
Is 401508773 prime?
True
Is 129161 a composite number?
True
Is 157587635 a prime number?
False
Is 265399 a prime number?
True
Is 695561 a composite number?
False
Is 11506751 a prime number?
True
Is 613673 a prime number?
True
Is 6980927 a prime number?
True
Is 165930551 a composite number?
False
Is 382094 prime?
False
Is 22470313 a prime number?
True
Is 619827847 composite?
False
Is 3326759 prime?
False
Is 72630911 prime?
True
Is 5655467 a composite number?
False
Is 48845605 composite?
True
Is 4884589 a composite number?
False
Is 2977493 composite?
False
Is 222310126 prime?
False
Is 26168113 composite?
False
Is 2125373 a composite number?
False
Is 55872563 composite?
False
Is 633154805 prime?
False
Is 179392153 prime?
True
Is 102856289 prime?
True
Is 221581 composite?
False
Is 2032097 a prime number?
False
Is 92082763 prime?
True
Is 12549965 a composite number?
True
Is 5597407 a composite number?
False
Is 1309447 prime?
False
Is 7540201 composite?
True
Is 12662165 prime?
False
Is 805087 composite?
True
Is 58313293 a prime number?
False
Is 1136413 prime?
False
Is 1778801 prime?
True
Is 173446555 prime?
False
Is 50666449 a composite number?
False
Is 1217279 prime?
False
Is 9365747 composite?
False
Is 11337839 a composite number?
False
Is 21744413 composite?
True
Is 4014929 composite?
False
Is 8801129 a prime number?
True
Is 3207509 a composite number?
True
Is 96097 a prime number?
True
Is 2620573 prime?
True
Is 12864713 composite?
True
Is 32743579 composite?
True
Is 321368821 a prime number?
True
Is 9215435 composite?
True
Is 175077971 prime?
True
Is 3896677 a prime number?
True
Is 154758083 prime?
True
Is 4468301 composite?
False
Is 58767173 prime?
True
Is 22045687 a composite number?
False
Is 737915 a prime number?
False
Is 2846551 a composite number?
False
Is 103778561 a prime number?
False
Is 4474181 a composite number?
False
Is 720991463 a prime number?
True
Is 37827989 a prime number?
False
Is 3923767 a prime number?
False
Is 38313617 a prime number?
True
Is 6602081 composite?
True
Is 13914899 composite?
False
Is 1415338 a composite number?
True
Is 5726341 prime?
True
Is 16134571 a prime number?
False
Is 2817471 a composite number?
True
Is 4222219 prime?
True
Is 5802323 a composite number?
False
Is 61091 composite?
False
Is 196539809 composite?
True
Is 3001837 a prime number?
True
Is 2128201 composite?
False
Is 12125787 prime?
False
Is 515743897 prime?
False
Is 405675247 a prime number?
True
Is 5438107 a composite number?
False
Is 92732723 prime?
True
Is 1056707 a composite number?
False
Is 3802283 a prime number?
True
Is 6067333 a composite number?
False
Is 73253603 composite?
False
Is 8520139 composite?
False
Is 269209 prime?
True
Is 101836721 composite?
True
Is 304409 composite?
True
Is 1171323249 a prime number?
False
Is 59072347 a composite number?
False
Is 42081089 a composite number?
False
Is 132865463 a composite number?
True
Is 156790447 prime?
False
Is 10186849 a composite number?
False
Is 1609843 composite?
False
Is 19677947 composite?
False
Is 616213823 prime?
True
Is 1887307 composite?
False
Is 378259 composite?
True
Is 155278831 composite?
False
Is 16280323 a composite number?
False
Is 195961 composite?
True
Is 131860471 prime?
True
Is 11918573 a prime number?
True
Is 42982691 a prime number?
True
Is 27178099 a composite number?
True
Is 232877893 prime?
True
Is 53271253 prime?
False
Is 2020951 composite?
True
Is 1023931 prime?
False
Is 164582041 composite?
True
Is 6639959 composite?
True
Is 4233787 composite?
False
Is 691631 composite?
False
Is 128862665 a composite number?
True
Is 3296653 prime?
False
Is 150937 a composite number?
True
Is 815809 a prime number?
True
Is 17929897 composite?
False
Is 92136337 a composite number?
False
Is 14932733 a prime number?
False
Is 18714953 composite?
False
Is 370079313 a prime number?
False
Is 21638111 composite?
True
Is 3709703 a composite number?
False
Is 753127 prime?
True
Is 867057 composite?
True
Is 1028981 composite?
False
Is 1648523 composite?
False
Is 32438659 a composite number?
True
Is 64390709 a prime number?
True
Is 4790237 prime?
True
Is 4698173 a composite number?
False
Is 740548261 prime?
False
Is 22600067 a prime number?
False
Is 3481981 prime?
False
Is 538400927 prime?
False
Is 1306733 composite?
False
Is 8661137 a composite number?
False
Is 1106419 composite?
False
Is 26996999 prime?
False
Is 3779579 a prime number?
True
Is 1670261 a prime number?
False
Is 24939977 a composite number?
False
Is 376331 a composite number?
True
Is 857041 a composite number?
True
Is 5645443 prime?
False
Is 18103803 prime?
False
Is 7461151 a prime number?
False
Is 76929847 a prime number?
True
Is 44349163 composite?
True
Is 8219963 a prime number?
False
Is 49875377 prime?
True
Is 8443453 prime?
True
Is 25133763 a composite number?
True
Is 6813797 prime?
True
Is 42727189 composite?
False
Is 2236601 a composite number?
True
Is 13833077 a composite number?
False
Is 27518219 a prime number?
True
Is 37414187 a composite number?
True
Is 3529031 prime?
False
Is 756893 a prime number?
False
Is 1530415 composite?
True
Is 1321729 composite?
False
Is 8553101 composite?
False
Is 2595259 a prime number?
False
Is 3740711 prime?
False
Is 10607651 a composite number?
False
Is 1017007 a composite number?
False
Is 466710953 a prime number?
True
Is 4903319 prime?
True
Is 87360223 composite?
False
Is 2023597 prime?
True
Is 49592779 a composite number?
True
Is 752083559 a composite number?
False
Is 230431 a prime number?
True
Is 60147667 a prime number?
True
Is 87584009 prime?
True
Is 63021457 prime?
False
Is 13679318 a composite number?
True
Is 8309597 composite?
True
Is 624052019 a prime number?
True
Is 207000223 a prime number?
True
Is 5157182 prime?
False
Is 1709555 a composite number?
True
Is 7955173 composite?
True
Is 196939 prime?
False
Is 60611909 a prime number?
True
Is 546296629 composite?
False
Is 7906159 prime?
False
Is 13601639 a composite number?
True
Is 395089 prime?
True
Is 29815499 a composite number?
True
Is 277237 prime?
False
Is 6835571 a prime number?
True
Is 77637947 a composite number?
False
Is 64401221 a composite number?
False
Is 1791563 a composite number?
False
Is 1036561 prime?
True
Is 19097053 a composite number?
False
Is 3040777 composite?
False
Is 45396163 prime?
True
Is 33135121 a prime number?
True
Is 2639647 composite?
True
Is 9220019 composite?
False
Is 9596689 a composite number?
False
Is 23791727 prime?
False
Is 1314379 a prime number?
False
Is 29349611 prime?
True
Is 8223541 a prime number?
True
Is 2633513 prime?
False
Is 213227213 composite?
False
Is 17189581 composite?
False
Is 22452473 prime?
True
Is 51419257 prime?
True
Is 99461 a composite number?
True
Is 60117383 a composite number?
False
Is 12385309 a composite number?
False
Is 5314003 composite?
False
Is 3001349 a prime number?
False
Is 7218139 prime?
True
Is 2078117 a prime number?
True
Is 408608609 a prime number?
True
Is 84416921 a composite number?
False
Is 2244877 a composite number?
True
Is 17920657 a composite number?
True
Is 106282711 composite?
False
Is 254077 a composite number?
True
Is 15857 composite?
True
Is 165483187 prime?
True
Is 2678567 prime?
False
Is 2265493 a composite number?
False
Is 92033 a prime number?
True
Is 66593651 composite?
True
Is 285346 a prime number?
False
Is 135012635 a composite number?
True
Is 1815277 prime?
False
Is 366194221 composite?
True
Is 481848065 prime?
False
Is 15357737 prime?
False
Is 10077863 a composite number?
False
Is 22730389 prime?
False
Is 72216631 a composite number?
False
Is 453186859 composite?
False
Is 112717333 composite?
True
Is 79205485 a prime number?
False
Is 26836021 composite?
False
Is 9918554 a prime number?
False
Is 15286 composite?
True
Is 39479521 a composite number?
True
Is 24735481 a composite number?
True
Is 53279053 a composite number?
True
Is 773387 a prime number?
True
Is 92312